{"id":134,"date":"2017-03-21T08:49:34","date_gmt":"2017-03-21T07:49:34","guid":{"rendered":"http:\/\/www.rc-roethis.at\/Wordpress0815\/?page_id=134"},"modified":"2024-01-08T23:02:01","modified_gmt":"2024-01-08T22:02:01","slug":"hobbyradler2","status":"publish","type":"page","link":"https:\/\/rc-roethis.at\/?page_id=134","title":{"rendered":"Radtouristik"},"content":{"rendered":"\n<p>Die Radtouristik des RC &#8211; R\u00f6this besteht aus ca. 25 Aktiven.<\/p>\n\n\n\n<figure class=\"wp-block-image\"><img decoding=\"async\" src=\"https:\/\/www.rc-roethis.at\/daten\/hobbyradler\/bilder\/radler.jpg\" alt=\"\"\/><\/figure>\n\n\n\n<p><strong>Diese teilen sich in drei Gruppen auf:<\/strong><\/p>\n\n\n\n<ul class=\"wp-block-list\">\n<li>Rennrad &#8211; Vorfahrer:&nbsp;Hans Gosch&nbsp;(ca. 50 &#8211; 60km)<\/li>\n\n\n\n<li>Bike &#8211; Vorfahrerin: Luise Gosch (ca. 40 &#8211; 50km)<\/li>\n\n\n\n<li>Touristik &#8211; Vorfahrer:&nbsp;Rudi Schnetzer&nbsp;(ca. 25km)<\/li>\n<\/ul>\n\n\n\n<p><strong>Treffpunkt: <\/strong><\/p>\n\n\n\n<p>Von Anfang April bis Ende September jeden Mittwoch um 18:00 Uhr beim Vereinshaus in R\u00f6this (R\u00fcckkehr um ca. 20:00 &#8211; 20:30 Uhr mit anschlie\u00dfendem gem\u00fctlichen Beisammensein).<\/p>\n\n\n\n<p>Samstag &amp; Sonntag nach Vereinbarung.<\/p>\n\n\n\n<p>Genauere Infos per <a href=\"http:\/\/rc-roethis.at\/?page_id=498\" target=\"_self\" rel=\"noopener\">e-Mail<\/a> oder bei Hans Gosch.<\/p>\n\n\n\n<p><strong>Beispiele:<\/strong><\/p>\n\n\n\n<ul class=\"wp-block-list\">\n<li>R\u00f6this &#8211; Satteins &#8211; Th\u00fcringerberg &#8211; M\u00e4rchental &#8211; Schwarzer See &#8211; R\u00f6this (ca. 50km)<\/li>\n\n\n\n<li>R\u00f6this &#8211; Schellenberg &#8211; Haag &#8211; Gams &#8211; Fr\u00fcmsen &#8211; R\u00fcthi &#8211; R\u00f6this (ca. 45km)<\/li>\n\n\n\n<li>R\u00f6this &#8211; Tisis Letze &#8211; B\u00f6denwald &#8211; Frastanz Gampel\u00fcn &#8211; Beschling &#8211; G\u00f6fis &#8211; R\u00f6this (ca. 45km)<\/li>\n\n\n\n<li>R\u00f6this &#8211; Gams &#8211; Sevelen &#8211; Balzers &#8211; Flesch &#8211; Sargans &#8211; R\u00f6this (ca. 100km)<\/li>\n\n\n\n<li>R\u00f6this &#8211; Dornbirn &#8211; Hohenweiler &#8211; Fliegender Bauer &#8211; R\u00f6this (ca. 130km)<\/li>\n<\/ul>\n","protected":false},"excerpt":{"rendered":"<p>Die Radtouristik des RC &#8211; R\u00f6this besteht aus ca. 25 Aktiven. Diese teilen sich in drei Gruppen auf: Treffpunkt: Von Anfang April bis Ende September jeden Mittwoch um 18:00 Uhr beim Vereinshaus in R\u00f6this (R\u00fcckkehr um ca. 20:00 &#8211; 20:30 Uhr mit anschlie\u00dfendem gem\u00fctlichen Beisammensein). Samstag &amp; Sonntag nach Vereinbarung. Genauere Infos per e-Mail oder &hellip; <\/p>\n<p class=\"link-more\"><a href=\"https:\/\/rc-roethis.at\/?page_id=134\" class=\"more-link\"><span class=\"screen-reader-text\">\u201eRadtouristik\u201c <\/span>weiterlesen<\/a><\/p>\n","protected":false},"author":2,"featured_media":0,"parent":0,"menu_order":0,"comment_status":"closed","ping_status":"closed","template":"","meta":{"ngg_post_thumbnail":0,"footnotes":""},"class_list":["post-134","page","type-page","status-publish","hentry"],"yoast_head":"<!-- This site is optimized with the Yoast SEO plugin v27.2 - https:\/\/yoast.com\/product\/yoast-seo-wordpress\/ -->\n<title>Radtouristik - \u00d6AMTC RC R\u00f6this<\/title>\n<meta name=\"robots\" content=\"index, follow, max-snippet:-1, max-image-preview:large, max-video-preview:-1\" \/>\n<link rel=\"canonical\" href=\"https:\/\/rc-roethis.at\/?page_id=134\" \/>\n<meta property=\"og:locale\" content=\"de_DE\" \/>\n<meta property=\"og:type\" content=\"article\" \/>\n<meta property=\"og:title\" content=\"Radtouristik - \u00d6AMTC RC R\u00f6this\" \/>\n<meta property=\"og:description\" content=\"Die Radtouristik des RC &#8211; R\u00f6this besteht aus ca. 25 Aktiven. Diese teilen sich in drei Gruppen auf: Treffpunkt: Von Anfang April bis Ende September jeden Mittwoch um 18:00 Uhr beim Vereinshaus in R\u00f6this (R\u00fcckkehr um ca. 20:00 &#8211; 20:30 Uhr mit anschlie\u00dfendem gem\u00fctlichen Beisammensein). Samstag &amp; Sonntag nach Vereinbarung. Genauere Infos per e-Mail oder &hellip; \u201eRadtouristik\u201c weiterlesen\" \/>\n<meta property=\"og:url\" content=\"https:\/\/rc-roethis.at\/?page_id=134\" \/>\n<meta property=\"og:site_name\" content=\"\u00d6AMTC RC R\u00f6this\" \/>\n<meta property=\"article:modified_time\" content=\"2024-01-08T22:02:01+00:00\" \/>\n<meta property=\"og:image\" content=\"https:\/\/www.rc-roethis.at\/daten\/hobbyradler\/bilder\/radler.jpg\" \/>\n<meta name=\"twitter:card\" content=\"summary_large_image\" \/>\n<meta name=\"twitter:label1\" content=\"Gesch\u00e4tzte Lesezeit\" \/>\n\t<meta name=\"twitter:data1\" content=\"1\u00a0Minute\" \/>\n<script type=\"application\/ld+json\" class=\"yoast-schema-graph\">{\"@context\":\"https:\/\/schema.org\",\"@graph\":[{\"@type\":\"WebPage\",\"@id\":\"https:\/\/rc-roethis.at\/?page_id=134\",\"url\":\"https:\/\/rc-roethis.at\/?page_id=134\",\"name\":\"Radtouristik - \u00d6AMTC RC R\u00f6this\",\"isPartOf\":{\"@id\":\"https:\/\/rc-roethis.at\/#website\"},\"primaryImageOfPage\":{\"@id\":\"https:\/\/rc-roethis.at\/?page_id=134#primaryimage\"},\"image\":{\"@id\":\"https:\/\/rc-roethis.at\/?page_id=134#primaryimage\"},\"thumbnailUrl\":\"https:\/\/www.rc-roethis.at\/daten\/hobbyradler\/bilder\/radler.jpg\",\"datePublished\":\"2017-03-21T07:49:34+00:00\",\"dateModified\":\"2024-01-08T22:02:01+00:00\",\"breadcrumb\":{\"@id\":\"https:\/\/rc-roethis.at\/?page_id=134#breadcrumb\"},\"inLanguage\":\"de\",\"potentialAction\":[{\"@type\":\"ReadAction\",\"target\":[\"https:\/\/rc-roethis.at\/?page_id=134\"]}]},{\"@type\":\"ImageObject\",\"inLanguage\":\"de\",\"@id\":\"https:\/\/rc-roethis.at\/?page_id=134#primaryimage\",\"url\":\"https:\/\/www.rc-roethis.at\/daten\/hobbyradler\/bilder\/radler.jpg\",\"contentUrl\":\"https:\/\/www.rc-roethis.at\/daten\/hobbyradler\/bilder\/radler.jpg\"},{\"@type\":\"BreadcrumbList\",\"@id\":\"https:\/\/rc-roethis.at\/?page_id=134#breadcrumb\",\"itemListElement\":[{\"@type\":\"ListItem\",\"position\":1,\"name\":\"Startseite\",\"item\":\"https:\/\/rc-roethis.at\/\"},{\"@type\":\"ListItem\",\"position\":2,\"name\":\"Radtouristik\"}]},{\"@type\":\"WebSite\",\"@id\":\"https:\/\/rc-roethis.at\/#website\",\"url\":\"https:\/\/rc-roethis.at\/\",\"name\":\"\u00d6AMTC RC R\u00f6this\",\"description\":\"Radsportclub\",\"publisher\":{\"@id\":\"https:\/\/rc-roethis.at\/#organization\"},\"potentialAction\":[{\"@type\":\"SearchAction\",\"target\":{\"@type\":\"EntryPoint\",\"urlTemplate\":\"https:\/\/rc-roethis.at\/?s={search_term_string}\"},\"query-input\":{\"@type\":\"PropertyValueSpecification\",\"valueRequired\":true,\"valueName\":\"search_term_string\"}}],\"inLanguage\":\"de\"},{\"@type\":\"Organization\",\"@id\":\"https:\/\/rc-roethis.at\/#organization\",\"name\":\"\u00d6AMTC RC R\u00f6this\",\"url\":\"https:\/\/rc-roethis.at\/\",\"logo\":{\"@type\":\"ImageObject\",\"inLanguage\":\"de\",\"@id\":\"https:\/\/rc-roethis.at\/#\/schema\/logo\/image\/\",\"url\":\"https:\/\/rc-roethis.at\/wp-content\/uploads\/2024\/01\/cropped-RC-Roethis_Logo-1.png\",\"contentUrl\":\"https:\/\/rc-roethis.at\/wp-content\/uploads\/2024\/01\/cropped-RC-Roethis_Logo-1.png\",\"width\":248,\"height\":206,\"caption\":\"\u00d6AMTC RC R\u00f6this\"},\"image\":{\"@id\":\"https:\/\/rc-roethis.at\/#\/schema\/logo\/image\/\"}}]}<\/script>\n<!-- \/ Yoast SEO plugin. -->","yoast_head_json":{"title":"Radtouristik - \u00d6AMTC RC R\u00f6this","robots":{"index":"index","follow":"follow","max-snippet":"max-snippet:-1","max-image-preview":"max-image-preview:large","max-video-preview":"max-video-preview:-1"},"canonical":"https:\/\/rc-roethis.at\/?page_id=134","og_locale":"de_DE","og_type":"article","og_title":"Radtouristik - \u00d6AMTC RC R\u00f6this","og_description":"Die Radtouristik des RC &#8211; R\u00f6this besteht aus ca. 25 Aktiven. Diese teilen sich in drei Gruppen auf: Treffpunkt: Von Anfang April bis Ende September jeden Mittwoch um 18:00 Uhr beim Vereinshaus in R\u00f6this (R\u00fcckkehr um ca. 20:00 &#8211; 20:30 Uhr mit anschlie\u00dfendem gem\u00fctlichen Beisammensein). Samstag &amp; Sonntag nach Vereinbarung. Genauere Infos per e-Mail oder &hellip; \u201eRadtouristik\u201c weiterlesen","og_url":"https:\/\/rc-roethis.at\/?page_id=134","og_site_name":"\u00d6AMTC RC R\u00f6this","article_modified_time":"2024-01-08T22:02:01+00:00","og_image":[{"url":"https:\/\/www.rc-roethis.at\/daten\/hobbyradler\/bilder\/radler.jpg","type":"","width":"","height":""}],"twitter_card":"summary_large_image","twitter_misc":{"Gesch\u00e4tzte Lesezeit":"1\u00a0Minute"},"schema":{"@context":"https:\/\/schema.org","@graph":[{"@type":"WebPage","@id":"https:\/\/rc-roethis.at\/?page_id=134","url":"https:\/\/rc-roethis.at\/?page_id=134","name":"Radtouristik - \u00d6AMTC RC R\u00f6this","isPartOf":{"@id":"https:\/\/rc-roethis.at\/#website"},"primaryImageOfPage":{"@id":"https:\/\/rc-roethis.at\/?page_id=134#primaryimage"},"image":{"@id":"https:\/\/rc-roethis.at\/?page_id=134#primaryimage"},"thumbnailUrl":"https:\/\/www.rc-roethis.at\/daten\/hobbyradler\/bilder\/radler.jpg","datePublished":"2017-03-21T07:49:34+00:00","dateModified":"2024-01-08T22:02:01+00:00","breadcrumb":{"@id":"https:\/\/rc-roethis.at\/?page_id=134#breadcrumb"},"inLanguage":"de","potentialAction":[{"@type":"ReadAction","target":["https:\/\/rc-roethis.at\/?page_id=134"]}]},{"@type":"ImageObject","inLanguage":"de","@id":"https:\/\/rc-roethis.at\/?page_id=134#primaryimage","url":"https:\/\/www.rc-roethis.at\/daten\/hobbyradler\/bilder\/radler.jpg","contentUrl":"https:\/\/www.rc-roethis.at\/daten\/hobbyradler\/bilder\/radler.jpg"},{"@type":"BreadcrumbList","@id":"https:\/\/rc-roethis.at\/?page_id=134#breadcrumb","itemListElement":[{"@type":"ListItem","position":1,"name":"Startseite","item":"https:\/\/rc-roethis.at\/"},{"@type":"ListItem","position":2,"name":"Radtouristik"}]},{"@type":"WebSite","@id":"https:\/\/rc-roethis.at\/#website","url":"https:\/\/rc-roethis.at\/","name":"\u00d6AMTC RC R\u00f6this","description":"Radsportclub","publisher":{"@id":"https:\/\/rc-roethis.at\/#organization"},"potentialAction":[{"@type":"SearchAction","target":{"@type":"EntryPoint","urlTemplate":"https:\/\/rc-roethis.at\/?s={search_term_string}"},"query-input":{"@type":"PropertyValueSpecification","valueRequired":true,"valueName":"search_term_string"}}],"inLanguage":"de"},{"@type":"Organization","@id":"https:\/\/rc-roethis.at\/#organization","name":"\u00d6AMTC RC R\u00f6this","url":"https:\/\/rc-roethis.at\/","logo":{"@type":"ImageObject","inLanguage":"de","@id":"https:\/\/rc-roethis.at\/#\/schema\/logo\/image\/","url":"https:\/\/rc-roethis.at\/wp-content\/uploads\/2024\/01\/cropped-RC-Roethis_Logo-1.png","contentUrl":"https:\/\/rc-roethis.at\/wp-content\/uploads\/2024\/01\/cropped-RC-Roethis_Logo-1.png","width":248,"height":206,"caption":"\u00d6AMTC RC R\u00f6this"},"image":{"@id":"https:\/\/rc-roethis.at\/#\/schema\/logo\/image\/"}}]}},"_links":{"self":[{"href":"https:\/\/rc-roethis.at\/index.php?rest_route=\/wp\/v2\/pages\/134","targetHints":{"allow":["GET"]}}],"collection":[{"href":"https:\/\/rc-roethis.at\/index.php?rest_route=\/wp\/v2\/pages"}],"about":[{"href":"https:\/\/rc-roethis.at\/index.php?rest_route=\/wp\/v2\/types\/page"}],"author":[{"embeddable":true,"href":"https:\/\/rc-roethis.at\/index.php?rest_route=\/wp\/v2\/users\/2"}],"replies":[{"embeddable":true,"href":"https:\/\/rc-roethis.at\/index.php?rest_route=%2Fwp%2Fv2%2Fcomments&post=134"}],"version-history":[{"count":7,"href":"https:\/\/rc-roethis.at\/index.php?rest_route=\/wp\/v2\/pages\/134\/revisions"}],"predecessor-version":[{"id":4271,"href":"https:\/\/rc-roethis.at\/index.php?rest_route=\/wp\/v2\/pages\/134\/revisions\/4271"}],"wp:attachment":[{"href":"https:\/\/rc-roethis.at\/index.php?rest_route=%2Fwp%2Fv2%2Fmedia&parent=134"}],"curies":[{"name":"wp","href":"https:\/\/api.w.org\/{rel}","templated":true}]}}